 11707.
256
Calculate the remainder when 264179 is divided by 16101.
6563
What is the remainder when 29267 is divided by 6657?
2639
Calculate the remainder when 20303371 is divided by 1437.
1435
What is the remainder when 2655313 is divided by 157?
129
Calculate the remainder when 39340447 is divided by 967.
953
What is the remainder when 87657796 is divided by 2746?
2730
Calculate the remainder when 5389688 is divided by 1796558.
14
What is the remainder when 3775260 is divided by 13580?
20
What is the remainder when 3267707 is divided by 1633838?
31
Calculate the remainder when 113058 is divided by 1345.
78
What is the remainder when 3454205 is divided by 265694?
183
What is the remainder when 809274 is divided by 433?
430
What is the remainder when 7286791 is divided by 254?
39
What is the remainder when 14731189 is divided by 186?
175
What is the remainder when 116258026 is divided by 7?
3
Calculate the remainder when 107967 is divided by 52.
15
What is the remainder when 3779474 is divided by 654?
8
What is the remainder when 144113 is divided by 28491?
1658
Calculate the remainder when 4265694 is divided by 1421895.
9
What is the remainder when 825003 is divided by 6875?
3
What is the remainder when 309813 is divided by 789?
525
Calculate the remainder when 125823 is divided by 3570.
873
Calculate the remainder when 9845006 is divided by 270.
266
What is the remainder when 1036948 is divided by 517577?
1794
Calculate the remainder when 10269742 is divided by 2567369.
266
Calculate the remainder when 23389934 is divided by 810.
374
What is the remainder when 1367538 is divided by 56960?
498
What is the remainder when 2083312 is divided by 694436?
4
Calculate the remainder when 5469663 is divided by 482.
409
What is the remainder when 8714087 is divided by 61?
54
What is the remainder when 42303961 is divided by 5171?
10
Calculate the remainder when 13764576 is divided by 52138.
144
Calculate the remainder when 1235874 is divided by 411941.
51
Calculate the remainder when 3389081 is divided by 604.
37
Calculate the remainder when 65477627 is divided by 1583.
1581
What is the remainder when 2519672 is divided by 72?
32
Calculate the remainder when 25244879 is divided by 338.
335
Calculate the remainder when 681212 is divided by 50.
12
Calculate the remainder when 2570733 is divided by 1933.
1776
What is the remainder when 417909986 is divided by 33?
32
Calculate the remainder when 152230 is divided by 2927.
26
Calculate the remainder when 9750581 is divided by 278.
9
Calculate the remainder when 6674163 is divided by 288.
51
What is the remainder when 2906129 is divided by 5063?
5030
Calculate the remainder when 142579 is divided by 70736.
1107
What is the remainder when 1717836 is divided by 1598?
1584
Calculate the remainder when 19758 is divided by 1875.
1008
Calculate the remainder when 4806702 is divided by 356.
346
What is the remainder when 240462 is divided by 40?
22
What is the remainder when 44504 is divided by 1764?
404
Calculate the remainder when 293256 is divided by 4968.
144
What is the remainder when 10308243 is divided by 809?
774
What is the remainder when 105028280 is divided by 942?
932
What is the remainder when 30920139 is divided by 84?
75
Calculate the remainder when 5620350 is divided by 23815.
10
What is the remainder when 1964072 is divided by 147?
5
What is the remainder when 48396654 is divided by 154?
152
Calculate the remainder when 554480 is divided by 623.
10
Calculate the remainder when 64041 is divided by 6592.
4713
Calculate the remainder when 1752805 is divided by 3541.
10
What is the remainder when 4320172 is divided by 120004?
28
Calculate the remainder when 49193249 is divided by 125.
124
What is the remainder when 31192721 is divided by 22?
21
What is the remainder when 249109640 is divided by 42?
38
What is the remainder when 285601 is divided by 35699?
9
Calculate the remainder when 2010304 is divided by 149.
145
What is the remainder when 3780940 is divided by 161?
16
Calculate the remainder when 8222 is divided by 2228.
1538
What is the remainder when 28270 is divided by 1130?
20
What is the remainder when 1330920 is divided by 470?
350
What is the remainder when 3978406 is divided by 34?
32
Calculate the remainder when 1026361 is divided by 1025266.
1095
Calculate the remainder when 6240250 is divided by 306.
298
Calculate the remainder when 25954240 is divided by 3670.
0
Calculate the remainder when 767261 is divided by 30689.
36
Calculate the remainder when 3124287 is divided by 6.
3
Calculate the remainder when 10044140 is divided by 3348037.
29
Calculate the remainder when 5538 is divided by 2403.
732
Calculate the remainder when 412141 is divided by 1067.
279
Calculate the remainder when 23896 is divided by 1916.
904
What is the remainder when 537471 is divided by 35829?
36
What is the remainder when 3736635 is divided by 4175?
10
Calculate the remainder when 986032 is divided by 2760.
712
Calculate the remainder when 209321 is divided by 189.
98
What is the remainder when 113450 is divided by 28234?
514
Calculate the remainder when 51493406 is divided by 206.
204
Calculate the remainder when 2464316 is divided by 33.
8
Calculate the remainder when 95716 is divided by 15.
1
What is the remainder when 3111716 is divided by 20?
16
Calculate the remainder when 163589830 is divided by 3647.
3645
Calculate the remainder when 49996 is divided by 45699.
4297
Calculate the remainder when 13499805 is divided by 28.
25
Calculate the remainder when 420942 is divided by 5927.
125
What is the remainder when 18945081 is divided by 2105006?
27
Calculate the remainder when 4626838 is divided by 46.
20
Calculate the remainder when 99122 is divided by 99091.
31
What is the remainder when 227323625 is divided by 122217?
5
Calculate the remainder when 60052 is divided by 1228.
1108
What is the remainder when 538444737 is divided by 1308?
1305
Calculate the remainder when 76119 is divided by 65.
4
Calculate the remainder when 243190 is divided by 8385.
25
What is the remainder when 5900990 is divided by 36?
14
Calculate the remainder when 47808 is divided by 78.
72
What is the remainder when 2625119 is divided by 41?
12
What is the remainder when 411543 is divided by 97?
69
What is the remainder when 40095462 is divided by 4863?
27
Calculate the remainder when 3627297 is divided by 9647.
25
What is the remainder when 254593856 is divided by 533?
10
What is the remainder when 189640 is divided by 21061?
91
Calculate the remainder when 552147 is divided by 2580.
27
Calculate the remainder when 4119654 is divided by 405.
399
What is the remainder when 911952 is divided by 30395?
102
What is the remainder when 243004642 is divided by 373?
364
Calculate the remainder when 217154 is divided by 7306.
5280
What is the remainder when 69126743 is divided by 89?
87
What is the remainder when 1752952 is divided by 504?
40
What is the remainder when 123139 is divided by 849?
34
What is the remainder when 17205989 is divided by 189?
185
What is the remainder when 2499158 is divided by 6902?
634
What is the remainder when 226687 is divided by 1644?
1459
Calculate the remainder when 96674980 is divided by 30468.
16
What is the remainder when 2809429 is divided by 721?
413
What is the remainder when 37057 is divided by 859?
120
Calculate the remainder when 13383 is divided by 769.
310
What is the remainder when 85012197 is divided by 54?
51
Calculate the remainder when 33215 is divided by 16484.
247
Calculate the remainder when 274071 is divided by 18.
3
Calculate the remainder when 13788602 is divided by 1723561.
114
Calculate the remainder when 84787 is divided by 2228.
123
What is the remainder when 544320 is divided by 136044?
144
What is the remainder when 153246 is divided by 21886?
44
What is the remainder when 2038874 is divided by 1314?
860
Calculate the remainder when 51492273 is divided by 18.
15
Calculate the remainder when 79720574 is divided by 18.
14
Calculate the remainder when 4435927 is divided by 52187.
32
What is the remainder when 7517831 is divided by 20825?
6
What is the remainder when 174005 is divided by 19167?
1502
What is the remainder when 5256782 is divided by 2628351?
80
What is the remainder 